{"id":116,"date":"2022-06-20T15:23:14","date_gmt":"2022-06-20T15:23:14","guid":{"rendered":"http:\/\/jotacom.com.br\/?page_id=116"},"modified":"2022-06-21T11:03:36","modified_gmt":"2022-06-21T11:03:36","slug":"videos-empresarias","status":"publish","type":"page","link":"https:\/\/jotacom.com.br\/index.php\/videos-empresarias\/","title":{"rendered":"V\u00eddeos Empresarias"},"content":{"rendered":"\t\t<div data-elementor-type=\"wp-page\" data-elementor-id=\"116\" class=\"elementor elementor-116\">\n\t\t\t\t\t\t\t\t\t<section class=\"elementor-section elementor-top-section elementor-element elementor-element-1708e40 elementor-section-boxed elementor-section-height-default elementor-section-height-default\" data-id=\"1708e40\" data-element_type=\"section\">\n\t\t\t\t\t\t<div class=\"elementor-container elementor-column-gap-default\">\n\t\t\t\t\t<div class=\"elementor-column elementor-col-100 elementor-top-column elementor-element elementor-element-ce65a26\" data-id=\"ce65a26\" data-element_type=\"column\">\n\t\t\t<div class=\"elementor-widget-wrap elementor-element-populated\">\n\t\t\t\t\t\t\t\t<div class=\"elementor-element elementor-element-157ca59 elementor-aspect-ratio-169 elementor-widget elementor-widget-video\" data-id=\"157ca59\" data-element_type=\"widget\" data-settings=\"{&quot;youtube_url&quot;:&quot;https:\\\/\\\/youtu.be\\\/iUfeSelQNHg&quot;,&quot;video_type&quot;:&quot;youtube&quot;,&quot;controls&quot;:&quot;yes&quot;,&quot;aspect_ratio&quot;:&quot;169&quot;}\" data-widget_type=\"video.default\">\n\t\t\t\t<div class=\"elementor-widget-container\">\n\t\t\t<style>\/*! elementor - v3.6.1 - 23-03-2022 *\/\n.elementor-widget-video .elementor-widget-container{overflow:hidden;-webkit-transform:translateZ(0);transform:translateZ(0)}.elementor-widget-video .elementor-open-inline .elementor-custom-embed-image-overlay{position:absolute;top:0;left:0;width:100%;height:100%;background-size:cover;background-position:50%}.elementor-widget-video .elementor-custom-embed-image-overlay{cursor:pointer;text-align:center}.elementor-widget-video .elementor-custom-embed-image-overlay:hover .elementor-custom-embed-play i{opacity:1}.elementor-widget-video .elementor-custom-embed-image-overlay img{display:block;width:100%}.elementor-widget-video .e-hosted-video .elementor-video{-o-object-fit:cover;object-fit:cover}<\/style>\t\t<div class=\"elementor-wrapper elementor-fit-aspect-ratio elementor-open-inline\">\n\t\t\t<div class=\"elementor-video\"><\/div>\t\t<\/div>\n\t\t\t\t<\/div>\n\t\t\t\t<\/div>\n\t\t\t\t<div class=\"elementor-element elementor-element-387e899 elementor-widget elementor-widget-heading\" data-id=\"387e899\" data-element_type=\"widget\" data-widget_type=\"heading.default\">\n\t\t\t\t<div class=\"elementor-widget-container\">\n\t\t\t<style>\/*! elementor - v3.6.1 - 23-03-2022 *\/\n.elementor-heading-title{padding:0;margin:0;line-height:1}.elementor-widget-heading .elementor-heading-title[class*=elementor-size-]>a{color:inherit;font-size:inherit;line-height:inherit}.elementor-widget-heading .elementor-heading-title.elementor-size-small{font-size:15px}.elementor-widget-heading .elementor-heading-title.elementor-size-medium{font-size:19px}.elementor-widget-heading .elementor-heading-title.elementor-size-large{font-size:29px}.elementor-widget-heading .elementor-heading-title.elementor-size-xl{font-size:39px}.elementor-widget-heading .elementor-heading-title.elementor-size-xxl{font-size:59px}<\/style><h5 class=\"elementor-heading-title elementor-size-large\"><span style=\"color: rgb(255, 255, 255); font-family: Roboto, Noto, sans-serif; font-size: 15px; font-weight: 400; background-color: rgb(40, 40, 40);\">Esse v\u00eddeo foi produzido pela Revista Refer\u00eancia Florestal, dessa vez com a empresa catarinense, Manos Implementos, que foi capa da edi\u00e7\u00e3o de Fevereiro\/22 da revista.<\/span><\/h5>\t\t<\/div>\n\t\t\t\t<\/div>\n\t\t\t\t\t<\/div>\n\t\t<\/div>\n\t\t\t\t\t\t\t<\/div>\n\t\t<\/section>\n\t\t\t\t<section class=\"elementor-section elementor-top-section elementor-element elementor-element-195e5bb elementor-section-boxed elementor-section-height-default elementor-section-height-default\" data-id=\"195e5bb\" data-element_type=\"section\">\n\t\t\t\t\t\t<div class=\"elementor-container elementor-column-gap-default\">\n\t\t\t\t\t<div class=\"elementor-column elementor-col-100 elementor-top-column elementor-element elementor-element-21e3195\" data-id=\"21e3195\" data-element_type=\"column\">\n\t\t\t<div class=\"elementor-widget-wrap elementor-element-populated\">\n\t\t\t\t\t\t\t\t<div class=\"elementor-element elementor-element-ca31f08 elementor-widget elementor-widget-spacer\" data-id=\"ca31f08\" data-element_type=\"widget\" data-widget_type=\"spacer.default\">\n\t\t\t\t<div class=\"elementor-widget-container\">\n\t\t\t<style>\/*! elementor - v3.6.1 - 23-03-2022 *\/\n.e-container.e-container--row .elementor-spacer-inner{width:var(--spacer-size)}.e-container.e-container--column .elementor-spacer-inner,.elementor-column .elementor-spacer-inner{height:var(--spacer-size)}<\/style>\t\t<div class=\"elementor-spacer\">\n\t\t\t<div class=\"elementor-spacer-inner\"><\/div>\n\t\t<\/div>\n\t\t\t\t<\/div>\n\t\t\t\t<\/div>\n\t\t\t\t<div class=\"elementor-element elementor-element-4191adf elementor-aspect-ratio-169 elementor-widget elementor-widget-video\" data-id=\"4191adf\" data-element_type=\"widget\" data-settings=\"{&quot;youtube_url&quot;:&quot;https:\\\/\\\/youtu.be\\\/i40mApGO1yA&quot;,&quot;video_type&quot;:&quot;youtube&quot;,&quot;controls&quot;:&quot;yes&quot;,&quot;aspect_ratio&quot;:&quot;169&quot;}\" data-widget_type=\"video.default\">\n\t\t\t\t<div class=\"elementor-widget-container\">\n\t\t\t\t\t<div class=\"elementor-wrapper elementor-fit-aspect-ratio elementor-open-inline\">\n\t\t\t<div class=\"elementor-video\"><\/div>\t\t<\/div>\n\t\t\t\t<\/div>\n\t\t\t\t<\/div>\n\t\t\t\t<div class=\"elementor-element elementor-element-771770b elementor-widget elementor-widget-heading\" data-id=\"771770b\" data-element_type=\"widget\" data-widget_type=\"heading.default\">\n\t\t\t\t<div class=\"elementor-widget-container\">\n\t\t\t<h2 class=\"elementor-heading-title elementor-size-default\"><span style=\"color: rgb(255, 255, 255); font-family: Roboto, Noto, sans-serif; font-size: 15px; font-weight: 400; background-color: rgb(40, 40, 40);\">V\u00eddeo produzido pela Revista Refer\u00eancia, dessa vez para a empresa Watanabe, do setor florestal. Essa empresa que foi capa da Refer\u00eancia Florestal na edi\u00e7\u00e3o de Mar\u00e7o\/22.<\/span><\/h2>\t\t<\/div>\n\t\t\t\t<\/div>\n\t\t\t\t\t<\/div>\n\t\t<\/div>\n\t\t\t\t\t\t\t<\/div>\n\t\t<\/section>\n\t\t\t\t<section class=\"elementor-section elementor-top-section elementor-element elementor-element-9c747ea elementor-section-boxed elementor-section-height-default elementor-section-height-default\" data-id=\"9c747ea\" data-element_type=\"section\">\n\t\t\t\t\t\t<div class=\"elementor-container elementor-column-gap-default\">\n\t\t\t\t\t<div class=\"elementor-column elementor-col-100 elementor-top-column elementor-element elementor-element-a96eb14\" data-id=\"a96eb14\" data-element_type=\"column\">\n\t\t\t<div class=\"elementor-widget-wrap elementor-element-populated\">\n\t\t\t\t\t\t\t\t<div class=\"elementor-element elementor-element-96de4fa elementor-widget elementor-widget-spacer\" data-id=\"96de4fa\" data-element_type=\"widget\" data-widget_type=\"spacer.default\">\n\t\t\t\t<div class=\"elementor-widget-container\">\n\t\t\t\t\t<div class=\"elementor-spacer\">\n\t\t\t<div class=\"elementor-spacer-inner\"><\/div>\n\t\t<\/div>\n\t\t\t\t<\/div>\n\t\t\t\t<\/div>\n\t\t\t\t<div class=\"elementor-element elementor-element-ba61fb5 elementor-aspect-ratio-169 elementor-widget elementor-widget-video\" data-id=\"ba61fb5\" data-element_type=\"widget\" data-settings=\"{&quot;youtube_url&quot;:&quot;https:\\\/\\\/youtu.be\\\/fFQhJ2c3cJw&quot;,&quot;video_type&quot;:&quot;youtube&quot;,&quot;controls&quot;:&quot;yes&quot;,&quot;aspect_ratio&quot;:&quot;169&quot;}\" data-widget_type=\"video.default\">\n\t\t\t\t<div class=\"elementor-widget-container\">\n\t\t\t\t\t<div class=\"elementor-wrapper elementor-fit-aspect-ratio elementor-open-inline\">\n\t\t\t<div class=\"elementor-video\"><\/div>\t\t<\/div>\n\t\t\t\t<\/div>\n\t\t\t\t<\/div>\n\t\t\t\t<div class=\"elementor-element elementor-element-572fc6d elementor-widget elementor-widget-heading\" data-id=\"572fc6d\" data-element_type=\"widget\" data-widget_type=\"heading.default\">\n\t\t\t\t<div class=\"elementor-widget-container\">\n\t\t\t<h2 class=\"elementor-heading-title elementor-size-default\"><span style=\"color: rgb(255, 255, 255); font-family: Roboto, Noto, sans-serif; font-size: 15px; font-weight: 400; background-color: rgb(40, 40, 40);\">V\u00eddeo produzido pela Revista Refer\u00eancia, dessa vez para a empresa Log Max, umas das l\u00edderes do mercado na venda de cabe\u00e7ote para o setor florestal. \n<\/span><div><span style=\"color: rgb(255, 255, 255); font-family: Roboto, Noto, sans-serif; font-size: 15px; font-weight: 400; background-color: rgb(40, 40, 40);\"><br><\/span><\/div><\/h2>\t\t<\/div>\n\t\t\t\t<\/div>\n\t\t\t\t\t<\/div>\n\t\t<\/div>\n\t\t\t\t\t\t\t<\/div>\n\t\t<\/section>\n\t\t\t\t<section class=\"elementor-section elementor-top-section elementor-element elementor-element-61015ce elementor-section-boxed elementor-section-height-default elementor-section-height-default\" data-id=\"61015ce\" data-element_type=\"section\">\n\t\t\t\t\t\t<div class=\"elementor-container elementor-column-gap-default\">\n\t\t\t\t\t<div class=\"elementor-column elementor-col-100 elementor-top-column elementor-element elementor-element-74d989a\" data-id=\"74d989a\" data-element_type=\"column\">\n\t\t\t<div class=\"elementor-widget-wrap elementor-element-populated\">\n\t\t\t\t\t\t\t\t<div class=\"elementor-element elementor-element-1172b94 elementor-aspect-ratio-169 elementor-widget elementor-widget-video\" data-id=\"1172b94\" data-element_type=\"widget\" data-settings=\"{&quot;youtube_url&quot;:&quot;https:\\\/\\\/youtu.be\\\/aoi5RQmo5Qs&quot;,&quot;video_type&quot;:&quot;youtube&quot;,&quot;controls&quot;:&quot;yes&quot;,&quot;aspect_ratio&quot;:&quot;169&quot;}\" data-widget_type=\"video.default\">\n\t\t\t\t<div class=\"elementor-widget-container\">\n\t\t\t\t\t<div class=\"elementor-wrapper elementor-fit-aspect-ratio elementor-open-inline\">\n\t\t\t<div class=\"elementor-video\"><\/div>\t\t<\/div>\n\t\t\t\t<\/div>\n\t\t\t\t<\/div>\n\t\t\t\t<div class=\"elementor-element elementor-element-5644ba5 elementor-widget elementor-widget-heading\" data-id=\"5644ba5\" data-element_type=\"widget\" data-widget_type=\"heading.default\">\n\t\t\t\t<div class=\"elementor-widget-container\">\n\t\t\t<h2 class=\"elementor-heading-title elementor-size-default\"><span style=\"color: rgb(255, 255, 255); font-family: Roboto, Noto, sans-serif; font-size: 15px; font-weight: 400; background-color: rgb(40, 40, 40);\">V\u00eddeo produzido pela Revista Refer\u00eancia, agora em parceria com a empresa Dalcomad de Bituruna\/PR. A capa da edi\u00e7\u00e3o de Novembro da Revista Produtos de Madeira falou sobre o novo lan\u00e7amento da porta Kit Due da Dalcomad.<\/span><\/h2>\t\t<\/div>\n\t\t\t\t<\/div>\n\t\t\t\t\t<\/div>\n\t\t<\/div>\n\t\t\t\t\t\t\t<\/div>\n\t\t<\/section>\n\t\t\t\t\t\t\t<\/div>\n\t\t","protected":false},"excerpt":{"rendered":"<p>Esse v\u00eddeo foi produzido pela Revista Refer\u00eancia Florestal, dessa vez com a empresa catarinense, Manos Implementos, que foi capa da edi\u00e7\u00e3o de Fevereiro\/22 da revista. V\u00eddeo produzido pela Revista Refer\u00eancia, dessa vez para a empresa Watanabe, do setor florestal. Essa empresa que foi capa da Refer\u00eancia Florestal na edi\u00e7\u00e3o de Mar\u00e7o\/22. V\u00eddeo produzido pela Revista [&hellip;]<\/p>\n","protected":false},"author":1,"featured_media":0,"parent":0,"menu_order":0,"comment_status":"closed","ping_status":"closed","template":"template-fullwidth.php","meta":{"om_disable_all_campaigns":false,"_monsterinsights_skip_tracking":false,"_monsterinsights_sitenote_active":false,"_monsterinsights_sitenote_note":"","_monsterinsights_sitenote_category":0},"yoast_head":"<!-- This site is optimized with the Yoast SEO plugin v18.4.1 - https:\/\/yoast.com\/wordpress\/plugins\/seo\/ -->\n<title>V\u00eddeos Empresarias -<\/title>\n<meta name=\"robots\" content=\"index, follow, max-snippet:-1, max-image-preview:large, max-video-preview:-1\" \/>\n<link rel=\"canonical\" href=\"https:\/\/jotacom.com.br\/index.php\/videos-empresarias\/\" \/>\n<meta property=\"og:locale\" content=\"en_US\" \/>\n<meta property=\"og:type\" content=\"article\" \/>\n<meta property=\"og:title\" content=\"V\u00eddeos Empresarias -\" \/>\n<meta property=\"og:description\" content=\"Esse v\u00eddeo foi produzido pela Revista Refer\u00eancia Florestal, dessa vez com a empresa catarinense, Manos Implementos, que foi capa da edi\u00e7\u00e3o de Fevereiro\/22 da revista. V\u00eddeo produzido pela Revista Refer\u00eancia, dessa vez para a empresa Watanabe, do setor florestal. Essa empresa que foi capa da Refer\u00eancia Florestal na edi\u00e7\u00e3o de Mar\u00e7o\/22. V\u00eddeo produzido pela Revista [&hellip;]\" \/>\n<meta property=\"og:url\" content=\"https:\/\/jotacom.com.br\/index.php\/videos-empresarias\/\" \/>\n<meta property=\"article:modified_time\" content=\"2022-06-21T11:03:36+00:00\" \/>\n<meta name=\"twitter:card\" content=\"summary_large_image\" \/>\n<meta name=\"twitter:label1\" content=\"Est. reading time\" \/>\n\t<meta name=\"twitter:data1\" content=\"1 minute\" \/>\n<script type=\"application\/ld+json\" class=\"yoast-schema-graph\">{\"@context\":\"https:\/\/schema.org\",\"@graph\":[{\"@type\":\"WebSite\",\"@id\":\"https:\/\/jotacom.com.br\/#website\",\"url\":\"https:\/\/jotacom.com.br\/\",\"name\":\"\",\"description\":\"\",\"potentialAction\":[{\"@type\":\"SearchAction\",\"target\":{\"@type\":\"EntryPoint\",\"urlTemplate\":\"https:\/\/jotacom.com.br\/?s={search_term_string}\"},\"query-input\":\"required name=search_term_string\"}],\"inLanguage\":\"en-US\"},{\"@type\":\"WebPage\",\"@id\":\"https:\/\/jotacom.com.br\/index.php\/videos-empresarias\/#webpage\",\"url\":\"https:\/\/jotacom.com.br\/index.php\/videos-empresarias\/\",\"name\":\"V\u00eddeos Empresarias -\",\"isPartOf\":{\"@id\":\"https:\/\/jotacom.com.br\/#website\"},\"datePublished\":\"2022-06-20T15:23:14+00:00\",\"dateModified\":\"2022-06-21T11:03:36+00:00\",\"breadcrumb\":{\"@id\":\"https:\/\/jotacom.com.br\/index.php\/videos-empresarias\/#breadcrumb\"},\"inLanguage\":\"en-US\",\"potentialAction\":[{\"@type\":\"ReadAction\",\"target\":[\"https:\/\/jotacom.com.br\/index.php\/videos-empresarias\/\"]}]},{\"@type\":\"BreadcrumbList\",\"@id\":\"https:\/\/jotacom.com.br\/index.php\/videos-empresarias\/#breadcrumb\",\"itemListElement\":[{\"@type\":\"ListItem\",\"position\":1,\"name\":\"Home\",\"item\":\"https:\/\/jotacom.com.br\/\"},{\"@type\":\"ListItem\",\"position\":2,\"name\":\"V\u00eddeos Empresarias\"}]}]}<\/script>\n<!-- \/ Yoast SEO plugin. -->","yoast_head_json":{"title":"V\u00eddeos Empresarias -","robots":{"index":"index","follow":"follow","max-snippet":"max-snippet:-1","max-image-preview":"max-image-preview:large","max-video-preview":"max-video-preview:-1"},"canonical":"https:\/\/jotacom.com.br\/index.php\/videos-empresarias\/","og_locale":"en_US","og_type":"article","og_title":"V\u00eddeos Empresarias -","og_description":"Esse v\u00eddeo foi produzido pela Revista Refer\u00eancia Florestal, dessa vez com a empresa catarinense, Manos Implementos, que foi capa da edi\u00e7\u00e3o de Fevereiro\/22 da revista. V\u00eddeo produzido pela Revista Refer\u00eancia, dessa vez para a empresa Watanabe, do setor florestal. Essa empresa que foi capa da Refer\u00eancia Florestal na edi\u00e7\u00e3o de Mar\u00e7o\/22. V\u00eddeo produzido pela Revista [&hellip;]","og_url":"https:\/\/jotacom.com.br\/index.php\/videos-empresarias\/","article_modified_time":"2022-06-21T11:03:36+00:00","twitter_card":"summary_large_image","twitter_misc":{"Est. reading time":"1 minute"},"schema":{"@context":"https:\/\/schema.org","@graph":[{"@type":"WebSite","@id":"https:\/\/jotacom.com.br\/#website","url":"https:\/\/jotacom.com.br\/","name":"","description":"","potentialAction":[{"@type":"SearchAction","target":{"@type":"EntryPoint","urlTemplate":"https:\/\/jotacom.com.br\/?s={search_term_string}"},"query-input":"required name=search_term_string"}],"inLanguage":"en-US"},{"@type":"WebPage","@id":"https:\/\/jotacom.com.br\/index.php\/videos-empresarias\/#webpage","url":"https:\/\/jotacom.com.br\/index.php\/videos-empresarias\/","name":"V\u00eddeos Empresarias -","isPartOf":{"@id":"https:\/\/jotacom.com.br\/#website"},"datePublished":"2022-06-20T15:23:14+00:00","dateModified":"2022-06-21T11:03:36+00:00","breadcrumb":{"@id":"https:\/\/jotacom.com.br\/index.php\/videos-empresarias\/#breadcrumb"},"inLanguage":"en-US","potentialAction":[{"@type":"ReadAction","target":["https:\/\/jotacom.com.br\/index.php\/videos-empresarias\/"]}]},{"@type":"BreadcrumbList","@id":"https:\/\/jotacom.com.br\/index.php\/videos-empresarias\/#breadcrumb","itemListElement":[{"@type":"ListItem","position":1,"name":"Home","item":"https:\/\/jotacom.com.br\/"},{"@type":"ListItem","position":2,"name":"V\u00eddeos Empresarias"}]}]}},"_links":{"self":[{"href":"https:\/\/jotacom.com.br\/index.php\/wp-json\/wp\/v2\/pages\/116"}],"collection":[{"href":"https:\/\/jotacom.com.br\/index.php\/wp-json\/wp\/v2\/pages"}],"about":[{"href":"https:\/\/jotacom.com.br\/index.php\/wp-json\/wp\/v2\/types\/page"}],"author":[{"embeddable":true,"href":"https:\/\/jotacom.com.br\/index.php\/wp-json\/wp\/v2\/users\/1"}],"replies":[{"embeddable":true,"href":"https:\/\/jotacom.com.br\/index.php\/wp-json\/wp\/v2\/comments?post=116"}],"version-history":[{"count":16,"href":"https:\/\/jotacom.com.br\/index.php\/wp-json\/wp\/v2\/pages\/116\/revisions"}],"predecessor-version":[{"id":153,"href":"https:\/\/jotacom.com.br\/index.php\/wp-json\/wp\/v2\/pages\/116\/revisions\/153"}],"wp:attachment":[{"href":"https:\/\/jotacom.com.br\/index.php\/wp-json\/wp\/v2\/media?parent=116"}],"curies":[{"name":"wp","href":"https:\/\/api.w.org\/{rel}","templated":true}]}}